{"id":189,"date":"2026-04-18T01:49:35","date_gmt":"2026-04-18T01:49:35","guid":{"rendered":"https:\/\/karlailustra.com\/?page_id=189"},"modified":"2026-04-18T02:33:36","modified_gmt":"2026-04-18T02:33:36","slug":"ilustraciones","status":"publish","type":"page","link":"https:\/\/karlailustra.com\/?page_id=189","title":{"rendered":"Ilustraciones"},"content":{"rendered":"\t\t<div data-elementor-type=\"wp-page\" data-elementor-id=\"189\" class=\"elementor elementor-189\">\n\t\t\t\t\t\t<section class=\"elementor-section elementor-top-section elementor-element elementor-element-673cc2e elementor-section-boxed elementor-section-height-default elementor-section-height-default\" data-id=\"673cc2e\" data-element_type=\"section\" data-e-type=\"section\">\n\t\t\t\t\t\t<div class=\"elementor-container elementor-column-gap-default\">\n\t\t\t\t\t<div class=\"elementor-column elementor-col-25 elementor-top-column elementor-element elementor-element-fb8fd67\" data-id=\"fb8fd67\" data-element_type=\"column\" data-e-type=\"column\">\n\t\t\t<div class=\"elementor-widget-wrap elementor-element-populated\">\n\t\t\t\t\t\t<div class=\"elementor-element elementor-element-dc054aa elementor-widget elementor-widget-heading\" data-id=\"dc054aa\" data-element_type=\"widget\" data-e-type=\"widget\" data-widget_type=\"heading.default\">\n\t\t\t\t<div class=\"elementor-widget-container\">\n\t\t\t\t\t<h2 class=\"elementor-heading-title elementor-size-default\">Proyectos personales<\/h2>\t\t\t\t<\/div>\n\t\t\t\t<\/div>\n\t\t\t\t<div class=\"elementor-element elementor-element-44e545b elementor-widget elementor-widget-image\" data-id=\"44e545b\" data-element_type=\"widget\" data-e-type=\"widget\" data-widget_type=\"image.default\">\n\t\t\t\t<div class=\"elementor-widget-container\">\n\t\t\t\t\t\t\t\t\t\t\t\t\t\t\t<img fetchpriority=\"high\" decoding=\"async\" width=\"1024\" height=\"1024\" src=\"https:\/\/karlailustra.com\/wp-content\/uploads\/2026\/04\/love2-copy-1024x1024.png\" class=\"attachment-large size-large wp-image-198\" alt=\"\" srcset=\"https:\/\/karlailustra.com\/wp-content\/uploads\/2026\/04\/love2-copy-1024x1024.png 1024w, https:\/\/karlailustra.com\/wp-content\/uploads\/2026\/04\/love2-copy-300x300.png 300w, https:\/\/karlailustra.com\/wp-content\/uploads\/2026\/04\/love2-copy-150x150.png 150w, https:\/\/karlailustra.com\/wp-content\/uploads\/2026\/04\/love2-copy-768x768.png 768w, https:\/\/karlailustra.com\/wp-content\/uploads\/2026\/04\/love2-copy-1536x1536.png 1536w, https:\/\/karlailustra.com\/wp-content\/uploads\/2026\/04\/love2-copy-2048x2048.png 2048w\" sizes=\"(max-width: 1024px) 100vw, 1024px\" \/>\t\t\t\t\t\t\t\t\t\t\t\t\t\t\t<\/div>\n\t\t\t\t<\/div>\n\t\t\t\t<div class=\"elementor-element elementor-element-a029389 elementor-align-center elementor-widget elementor-widget-button\" data-id=\"a029389\" data-element_type=\"widget\" data-e-type=\"widget\" data-widget_type=\"button.default\">\n\t\t\t\t<div class=\"elementor-widget-container\">\n\t\t\t\t\t\t\t\t\t<div class=\"elementor-button-wrapper\">\n\t\t\t\t\t<a class=\"elementor-button elementor-button-link elementor-size-sm\" href=\"#\">\n\t\t\t\t\t\t<span class=\"elementor-button-content-wrapper\">\n\t\t\t\t\t\t\t\t\t<span class=\"elementor-button-text\">Haz clic aqu\u00ed<\/span>\n\t\t\t\t\t<\/span>\n\t\t\t\t\t<\/a>\n\t\t\t\t<\/div>\n\t\t\t\t\t\t\t\t<\/div>\n\t\t\t\t<\/div>\n\t\t\t\t\t<\/div>\n\t\t<\/div>\n\t\t\t\t<div class=\"elementor-column elementor-col-25 elementor-top-column elementor-element elementor-element-26354d4\" data-id=\"26354d4\" data-element_type=\"column\" data-e-type=\"column\">\n\t\t\t<div class=\"elementor-widget-wrap elementor-element-populated\">\n\t\t\t\t\t\t<div class=\"elementor-element elementor-element-3c5646f elementor-widget elementor-widget-heading\" data-id=\"3c5646f\" data-element_type=\"widget\" data-e-type=\"widget\" data-widget_type=\"heading.default\">\n\t\t\t\t<div class=\"elementor-widget-container\">\n\t\t\t\t\t<h2 class=\"elementor-heading-title elementor-size-default\">Familias florales<\/h2>\t\t\t\t<\/div>\n\t\t\t\t<\/div>\n\t\t\t\t<div class=\"elementor-element elementor-element-250e94f elementor-widget elementor-widget-image\" data-id=\"250e94f\" data-element_type=\"widget\" data-e-type=\"widget\" data-widget_type=\"image.default\">\n\t\t\t\t<div class=\"elementor-widget-container\">\n\t\t\t\t\t\t\t\t\t\t\t\t\t\t\t<img decoding=\"async\" width=\"996\" height=\"1024\" src=\"https:\/\/karlailustra.com\/wp-content\/uploads\/2026\/04\/sara-copia-1-996x1024.jpg\" class=\"attachment-large size-large wp-image-201\" alt=\"\" srcset=\"https:\/\/karlailustra.com\/wp-content\/uploads\/2026\/04\/sara-copia-1-996x1024.jpg 996w, https:\/\/karlailustra.com\/wp-content\/uploads\/2026\/04\/sara-copia-1-292x300.jpg 292w, https:\/\/karlailustra.com\/wp-content\/uploads\/2026\/04\/sara-copia-1-768x790.jpg 768w, https:\/\/karlailustra.com\/wp-content\/uploads\/2026\/04\/sara-copia-1-1493x1536.jpg 1493w, https:\/\/karlailustra.com\/wp-content\/uploads\/2026\/04\/sara-copia-1-1991x2048.jpg 1991w\" sizes=\"(max-width: 996px) 100vw, 996px\" \/>\t\t\t\t\t\t\t\t\t\t\t\t\t\t\t<\/div>\n\t\t\t\t<\/div>\n\t\t\t\t<div class=\"elementor-element elementor-element-db297dc elementor-align-center elementor-widget elementor-widget-button\" data-id=\"db297dc\" data-element_type=\"widget\" data-e-type=\"widget\" data-widget_type=\"button.default\">\n\t\t\t\t<div class=\"elementor-widget-container\">\n\t\t\t\t\t\t\t\t\t<div class=\"elementor-button-wrapper\">\n\t\t\t\t\t<a class=\"elementor-button elementor-button-link elementor-size-sm\" href=\"#\">\n\t\t\t\t\t\t<span class=\"elementor-button-content-wrapper\">\n\t\t\t\t\t\t\t\t\t<span class=\"elementor-button-text\">Haz clic aqu\u00ed<\/span>\n\t\t\t\t\t<\/span>\n\t\t\t\t\t<\/a>\n\t\t\t\t<\/div>\n\t\t\t\t\t\t\t\t<\/div>\n\t\t\t\t<\/div>\n\t\t\t\t\t<\/div>\n\t\t<\/div>\n\t\t\t\t<div class=\"elementor-column elementor-col-25 elementor-top-column elementor-element elementor-element-c61efb0\" data-id=\"c61efb0\" data-element_type=\"column\" data-e-type=\"column\">\n\t\t\t<div class=\"elementor-widget-wrap elementor-element-populated\">\n\t\t\t\t\t\t<div class=\"elementor-element elementor-element-c97859c elementor-widget elementor-widget-heading\" data-id=\"c97859c\" data-element_type=\"widget\" data-e-type=\"widget\" data-widget_type=\"heading.default\">\n\t\t\t\t<div class=\"elementor-widget-container\">\n\t\t\t\t\t<h2 class=\"elementor-heading-title elementor-size-default\">Clientes<\/h2>\t\t\t\t<\/div>\n\t\t\t\t<\/div>\n\t\t\t\t<div class=\"elementor-element elementor-element-1196bcb elementor-widget elementor-widget-image\" data-id=\"1196bcb\" data-element_type=\"widget\" data-e-type=\"widget\" data-widget_type=\"image.default\">\n\t\t\t\t<div class=\"elementor-widget-container\">\n\t\t\t\t\t\t\t\t\t\t\t\t\t\t\t<img decoding=\"async\" width=\"1024\" height=\"1024\" src=\"https:\/\/karlailustra.com\/wp-content\/uploads\/2026\/04\/IMG_20200715_204742_-1024x1024.jpg\" class=\"attachment-large size-large wp-image-202\" alt=\"\" srcset=\"https:\/\/karlailustra.com\/wp-content\/uploads\/2026\/04\/IMG_20200715_204742_-1024x1024.jpg 1024w, https:\/\/karlailustra.com\/wp-content\/uploads\/2026\/04\/IMG_20200715_204742_-300x300.jpg 300w, https:\/\/karlailustra.com\/wp-content\/uploads\/2026\/04\/IMG_20200715_204742_-150x150.jpg 150w, https:\/\/karlailustra.com\/wp-content\/uploads\/2026\/04\/IMG_20200715_204742_-768x768.jpg 768w, https:\/\/karlailustra.com\/wp-content\/uploads\/2026\/04\/IMG_20200715_204742_-1536x1536.jpg 1536w, https:\/\/karlailustra.com\/wp-content\/uploads\/2026\/04\/IMG_20200715_204742_-2048x2048.jpg 2048w\" sizes=\"(max-width: 1024px) 100vw, 1024px\" \/>\t\t\t\t\t\t\t\t\t\t\t\t\t\t\t<\/div>\n\t\t\t\t<\/div>\n\t\t\t\t<div class=\"elementor-element elementor-element-de89a83 elementor-align-center elementor-widget elementor-widget-button\" data-id=\"de89a83\" data-element_type=\"widget\" data-e-type=\"widget\" data-widget_type=\"button.default\">\n\t\t\t\t<div class=\"elementor-widget-container\">\n\t\t\t\t\t\t\t\t\t<div class=\"elementor-button-wrapper\">\n\t\t\t\t\t<a class=\"elementor-button elementor-button-link elementor-size-sm\" href=\"#\">\n\t\t\t\t\t\t<span class=\"elementor-button-content-wrapper\">\n\t\t\t\t\t\t\t\t\t<span class=\"elementor-button-text\">Haz clic aqu\u00ed<\/span>\n\t\t\t\t\t<\/span>\n\t\t\t\t\t<\/a>\n\t\t\t\t<\/div>\n\t\t\t\t\t\t\t\t<\/div>\n\t\t\t\t<\/div>\n\t\t\t\t\t<\/div>\n\t\t<\/div>\n\t\t\t\t<div class=\"elementor-column elementor-col-25 elementor-top-column elementor-element elementor-element-f488725\" data-id=\"f488725\" data-element_type=\"column\" data-e-type=\"column\">\n\t\t\t<div class=\"elementor-widget-wrap elementor-element-populated\">\n\t\t\t\t\t\t<div class=\"elementor-element elementor-element-7683b4b elementor-widget elementor-widget-heading\" data-id=\"7683b4b\" data-element_type=\"widget\" data-e-type=\"widget\" data-widget_type=\"heading.default\">\n\t\t\t\t<div class=\"elementor-widget-container\">\n\t\t\t\t\t<h2 class=\"elementor-heading-title elementor-size-default\">Murales<\/h2>\t\t\t\t<\/div>\n\t\t\t\t<\/div>\n\t\t\t\t<div class=\"elementor-element elementor-element-b8a00c1 elementor-widget elementor-widget-image\" data-id=\"b8a00c1\" data-element_type=\"widget\" data-e-type=\"widget\" data-widget_type=\"image.default\">\n\t\t\t\t<div class=\"elementor-widget-container\">\n\t\t\t\t\t\t\t\t\t\t\t\t\t\t\t<img loading=\"lazy\" decoding=\"async\" width=\"1024\" height=\"1024\" src=\"https:\/\/karlailustra.com\/wp-content\/uploads\/2026\/04\/1649182018589-1024x1024.jpg\" class=\"attachment-large size-large wp-image-206\" alt=\"\" srcset=\"https:\/\/karlailustra.com\/wp-content\/uploads\/2026\/04\/1649182018589-1024x1024.jpg 1024w, https:\/\/karlailustra.com\/wp-content\/uploads\/2026\/04\/1649182018589-300x300.jpg 300w, https:\/\/karlailustra.com\/wp-content\/uploads\/2026\/04\/1649182018589-150x150.jpg 150w, https:\/\/karlailustra.com\/wp-content\/uploads\/2026\/04\/1649182018589-768x768.jpg 768w, https:\/\/karlailustra.com\/wp-content\/uploads\/2026\/04\/1649182018589.jpg 1496w\" sizes=\"(max-width: 1024px) 100vw, 1024px\" \/>\t\t\t\t\t\t\t\t\t\t\t\t\t\t\t<\/div>\n\t\t\t\t<\/div>\n\t\t\t\t<div class=\"elementor-element elementor-element-67e5fdb elementor-align-center elementor-widget elementor-widget-button\" data-id=\"67e5fdb\" data-element_type=\"widget\" data-e-type=\"widget\" data-widget_type=\"button.default\">\n\t\t\t\t<div class=\"elementor-widget-container\">\n\t\t\t\t\t\t\t\t\t<div class=\"elementor-button-wrapper\">\n\t\t\t\t\t<a class=\"elementor-button elementor-button-link elementor-size-sm\" href=\"#\">\n\t\t\t\t\t\t<span class=\"elementor-button-content-wrapper\">\n\t\t\t\t\t\t\t\t\t<span class=\"elementor-button-text\">Haz clic aqu\u00ed<\/span>\n\t\t\t\t\t<\/span>\n\t\t\t\t\t<\/a>\n\t\t\t\t<\/div>\n\t\t\t\t\t\t\t\t<\/div>\n\t\t\t\t<\/div>\n\t\t\t\t\t<\/div>\n\t\t<\/div>\n\t\t\t\t\t<\/div>\n\t\t<\/section>\n\t\t\t\t<\/div>\n\t\t","protected":false},"excerpt":{"rendered":"<p>Proyectos personales Haz clic aqu\u00ed Familias florales Haz clic aqu\u00ed Clientes Haz clic aqu\u00ed Murales Haz clic aqu\u00ed<\/p>\n","protected":false},"author":2,"featured_media":0,"parent":0,"menu_order":0,"comment_status":"closed","ping_status":"closed","template":"","meta":{"footnotes":""},"class_list":["post-189","page","type-page","status-publish","hentry"],"_links":{"self":[{"href":"https:\/\/karlailustra.com\/index.php?rest_route=\/wp\/v2\/pages\/189","targetHints":{"allow":["GET"]}}],"collection":[{"href":"https:\/\/karlailustra.com\/index.php?rest_route=\/wp\/v2\/pages"}],"about":[{"href":"https:\/\/karlailustra.com\/index.php?rest_route=\/wp\/v2\/types\/page"}],"author":[{"embeddable":true,"href":"https:\/\/karlailustra.com\/index.php?rest_route=\/wp\/v2\/users\/2"}],"replies":[{"embeddable":true,"href":"https:\/\/karlailustra.com\/index.php?rest_route=%2Fwp%2Fv2%2Fcomments&post=189"}],"version-history":[{"count":16,"href":"https:\/\/karlailustra.com\/index.php?rest_route=\/wp\/v2\/pages\/189\/revisions"}],"predecessor-version":[{"id":217,"href":"https:\/\/karlailustra.com\/index.php?rest_route=\/wp\/v2\/pages\/189\/revisions\/217"}],"wp:attachment":[{"href":"https:\/\/karlailustra.com\/index.php?rest_route=%2Fwp%2Fv2%2Fmedia&parent=189"}],"curies":[{"name":"wp","href":"https:\/\/api.w.org\/{rel}","templated":true}]}}